base 2, what is -1001011110101111 + -11000111111101?
-1100100110101100
In base 11, what is 5 - -467437?
467441
In base 16, what is 4 - 731791?
-73178d
In base 10, what is -2 - 34473?
-34475
In base 4, what is 10313000 + 201?
10313201
In base 2, what is -10110 - -10100110010111001101?
10100110010110110111
In base 6, what is -244 + 1024145?
1023501
In base 2, what is 10100111111110000100011000110 - 11?
10100111111110000100011000011
In base 15, what is -4ab0 + -187c?
-643c
In base 8, what is -2165 + -113023?
-115210
In base 16, what is 132554 - -21d?
132771
In base 15, what is b2 - -29e444?
29e506
In base 9, what is -1263 + 105627?
104354
In base 3, what is 211101 - -1112001122?
1112220000
In base 4, what is 103 - -300133110022?
300133110131
In base 11, what is -5874 + -17?
-5890
In base 12, what is 139 + -1835a?
-18221
In base 8, what is 33035315 + 1?
33035316
In base 6, what is 1042 - -302403?
303445
In base 12, what is 900304b - -26?
9003075
In base 4, what is 1233301213 + -102?
1233301111
In base 7, what is 341 - 2126226?
-2125555
In base 3, what is 10120201101 + 210201?
10121112002
In base 13, what is -22c1511 + 4?
-22c150a
In base 16, what is -71f1fc + 5?
-71f1f7
In base 10, what is 362337616 - 2?
362337614
In base 8, what is 14 - 2175040?
-2175024
In base 14, what is 0 + 2697284?
2697284
In base 5, what is 111200 + -3100300?
-2434100
In base 15, what is c13929 + 3?
c1392c
In base 5, what is 2 + 412133302320?
412133302322
In base 12, what is -4 - 29b49436?
-29b4943a
In base 2, what is -10000000111000111000 + -11?
-10000000111000111011
In base 13, what is 3795 - -5b5?
407a
In base 5, what is 202023031 - 100?
202022431
In base 8, what is -65422 - -547?
-64653
In base 13, what is -17204 + -20?
-17224
In base 16, what is -5c - -26eb0e?
26eab2
In base 2, what is 11001100100101011100 - 11?
11001100100101011001
In base 12, what is -a950 + 10b8?
-9854
In base 4, what is 22333001221 - 31?
22333001130
In base 11, what is -12 + 463904?
4638a2
In base 4, what is 3220132030 - -120121?
3220312211
In base 12, what is 12b84 - -4545?
17509
In base 11, what is -3 - 452645a?
-4526462
In base 7, what is 5 + -120514346?
-120514341
In base 11, what is -714213 + 4?
-71420a
In base 5, what is -34143024 - -1112?
-34141412
In base 14, what is -195 + 24c37?
24a82
In base 6, what is -121 + -2444041?
-2444202
In base 14, what is a253 - 13?
a240
In base 7, what is -106115 - -114305?
5160
In base 13, what is 19 + 3c69b4?
3c6a00
In base 2, what is 11000001000100 - 10111110?
10111110000110
In base 9, what is 882 - 316222?
-315230
In base 15, what is -3 - -101a061?
101a05d
In base 10, what is -1 - -5797177?
5797176
In base 5, what is -100 - -1130201223?
1130201123
In base 13, what is 143b40 + 54?
143b94
In base 8, what is -147 + -2614160?
-2614327
In base 5, what is -10021 + -4414433?
-4430004
In base 8, what is 233677 - -1421?
235320
In base 4, what is -12203301031 - -2?
-12203301023
In base 6, what is 235524542 - -452?
235525434
In base 3, what is -100110201121 + -100202?
-100111002100
In base 15, what is -5 - -822c3?
822bd
In base 13, what is 2ccb + -44b3?
-14b5
In base 11, what is 3 + 11680049?
11680051
In base 4, what is -11322201312 + -20?
-11322201332
In base 13, what is -8 + -479b3291?
-479b3299
In base 3, what is 222101010112122 - -222?
222101010120121
In base 3, what is 101201102 - -2221201?
111200010
In base 3, what is 1010100112 + -111112020?
121211022
In base 8, what is 5473 - 501222?
-473527
In base 7, what is 6 - -21142530?
21142536
In base 15, what is -3ae + 4d64?
49a5
In base 16, what is 13cf + 56?
1425
In base 12, what is -1068 - a11?
-1a79
In base 7, what is -24134015154 + 4?
-24134015150
In base 7, what is 60006005 - -62?
60006100
In base 5, what is 201334022 - 2144?
201331323
In base 8, what is -527527 - 10105?
-537634
In base 13, what is 2113b22 - -36?
2113b58
In base 5, what is 32010 - -10140012?
10222022
In base 10, what is -508094 + -198?
-508292
In base 11, what is 708973 - -145?
709008
In base 16, what is 46150 - -1c5?
46315
In base 2, what is 1001011110010 - 1000?
1001011101010
In base 13, what is 1a + -1095c38?
-1095c1b
In base 9, what is 251 - -1344830?
1345181
In base 4, what is -2230331032 - 113?
-2230331211
In base 2, what is 10100 - -111001100001010001101?
111001100001010100001
In base 4, what is -20103 + -3300332132?
-3301012301
In base 13, what is 20 - -1378401?
1378421
In base 16, what is -757 - 2a82?
-31d9
In base 16, what is d - -14c0c9d?
14c0caa
In base 12, what is -5a4 + -239469?
-239a51
In base 3, what is -11022221211220210 + 12?
-11022221211220121
In base 8, what is 5541054 - -63?
5541137
In base 10, what is 3 + 1409391?
1409394
In base 13, what is -5b59 - -2909?
-3250
In base 11, what is -3 - 572a032?
-572a035
In base 7, what is -164154001 - -5?
-164153663
In base 4, what is 1012 + 221113323?
221121001
In base 13, what is -10b3 + -172a0?
-18383
In base 4, what is 1010 - -23310012?
23311022
In base 8, what is 77 + -5723351?
-5723252
In base 12, what is -1b604 - 41?
-1b645
In base 9, what is 42011127 - 30?
42011087
In base 11, what is 673856a + -22?
6738548
In base 4, what is 110212 - 1310202030?
-1310031212
In base 10, what is 33480280 - -2?
33480282
In base 14, what is 6 + 3945208?
3945210
In base 9, what is -20700 + -302?
-21102
In base 6, what is 1502234 + 5155?
1511433
In base 12, what is -421522 + b?
-421513
In base 10, what is -2530966 + -455?
-2531421
In base 13, what is -1 - -3306aa?
3306a9
In base 8, what is 3457 + -1236536?
-1233057
In base 5, what is 403214 + 4402?
413121
In base 13, what is 1874 - 980c?
-7c68
In base 15, what is 54302b + 227?
543253
In base 4, what is 1300033 + 133231?
2033330
In base 2, what is 0 - 101000101000001000000?
-101000101000001000000
In base 8, what is 3 + -1065724?
-1065721
In base 10, what is 2046923 - 2?
2046921
In base 13, what is 5 - -589b394?
589b399
In base 14, what is -6666b + 4?
-66667
In base 4, what is -133 - 30133031302?
-30133032101
In base 9, what is -31 - 11022?
-11053
In base 6, what is 153 - -11000053?
11000250
In base 9, what is -81 + 6832132?
6832041
In base 15, what is e34c2b7 - 5?
e34c2b2
In base 15, what is 9 - 1d2e826?
-1d2e81c
In base 14, what is -5 - -508bba?
508bb5
In base 10, what is 1 + 10348914?
10348915
In base 16, what is -4 + 92d89f?
92d89b
In base 9, what is -47802085 + 2?
-47802083
In base 5, what is 10 + 24120404342?
24120404402
In base 16, what is 56 + -486c0?
-4866a
In base 12, what is -5 - -14180aa1?
14180a98
In base 10, what is -8 - 1679470?
-1679478
In base 4, what is 201 - 20330230130?
-20330223323
In base 4, what is 32011102220211 - -11?
32011102220222
In base 11, what is 837657 - 4?
837653
In base 13, what is 6cb + 28894?
29292
In base 3, what is -1212211020 - 11012?
-1212222102
In base 11, what is 3972 + 8a59?
11920
In base 8, what is 17433603 + 0?
17433603
In base 6, what is -1142004 - 12241?
-1154245
In base 9, what is 27073288 + -3?
27073285
In base 12, what is -22089a - -87?
-220813
In base 16, what is 201 - 8317b?
-82f7a
In base 12, what is -3a829b3 - 23?
-3a82a16
In base 13, what is 5252c0 - -2?
5252c2
In base 3, what is -2121100220220201 + 10?
-2121100220220121
In base 14, what is -1a + -1867d2?
-18680c
In base 8, what is 2507 + 417?
3126
In base 16, what is -2 + -365b89?
-365b8b
In base 5, what is -1342101 - -1014234?
-322312
In base 2, what is -11001111111110101 - 1010101001101?
-11011010101000010
In base 16, what is -2b + -49613?
-4963e
In base 4, what is -10031 - 121120220?
-121130311
In base 10, what is 289048 - 1440?
287608
In base 2, what is -100110 - -100000110001010010?
100000110000101100
In base 9, what is -7 - 30126526?
-30126534
In base 2, what is 1011011101010 + 1000010001?
1100011111011
In base 13, what is -b - 63c7424?
-63c7432
In base 14, what is -3133 + 2bd67?
28c34
In base 16, what is -1291add + 2?
-1291adb
In base 12, what is -5a + 138aa?
13850
In base 15, what is -29472 - 17?
-29489
In base 9, what is 486721 + -44?
486666
In base 3, what is -2 - 2200020022202001?
-2200020022202010
In base 5, what is -111 + -4400300041?
-4400300202
In base 15, what is -7d - -4cd0?
4c52
In base 3, what is -12202220 + 21020211?
1110221
In base 3, what is 21100200101010010 - 11?
21100200101002222
In base 7, what is 1 + -104236001?
-104236